ive of -v**6/120 + v**5/6 + v**4/6 + 4*v**3 + 390*v**2 - 5*v. What is p(11)?
-53
Let o(u) = -2*u**3 + 49*u**2 - 71*u + 49. Let r be o(23). Let a = 3 + -2. Suppose -2 = r*k + a. Let j(c) = 9*c**2 + 1. Give j(k).
10
Let o(l) = -l**3 + 29*l**2 + 94*l + 66. Let q be o(32). Let u(c) be the third derivative of -5*c**q + 0 + 0*c + 4/3*c**3 + 1/24*c**4. What is u(-4)?
4
Let d(l) = -7 + 0*l + 0*l + 3*l - 5*l. Let z be d(-4). Let p(k) = -k + 0 - 6 - z + 4. Give p(0).
-3
Let s(f) be the third derivative of -11*f**4/24 - 5*f**3/3 - 2*f**2 + 192*f + 6. Calculate s(-6).
56
Let j(i) = -i + 2. Let n be j(-5). Let o(q) = 171*q**2 - q - 2. Let u be o(-2). Let l(g) = 683*g**2 + 8*g - u*g**2 - 2 - 3. Calculate l(n).
2
Let j(l) = -l**3 + l**2 + l + 6. Let i be j(0). Let p(s) = 3*s - 171 - 210 + 375. Calculate p(i).
12
Let x(t) = t**2 - 11. Let y = 79 + -72. Suppose -w + y*w = 24. Let m be x(w). Let z(f) = -f**2 + 2*f + 2. Give z(m).
-13
Let f(t) = -19*t**2 + t + 1. Let m(r) = 4*r**2 - 75*r - 24. Let h(b) = -2*b**2 + 37*b + 13. Let l(u) = 5*h(u) + 2*m(u). Let n be l(18). Give f(n).
-19
Let u be 18/12*40/12. Let s(b) = -7*b + b**3 + u*b**2 + 0 - 8 + 2*b + 10. Suppose x = -3*x - 24. What is s(x)?
-4
Let w(u) be the third derivative of -u**4/24 - u**3/6 - 2*u**2. Let r be 4 - (-3 + 6) - -358. Let n = -360 + r. Calculate w(n).
0
Let u be (-42)/30*-25*12/(-30). Let a(p) = 3*p**2 + 40*p - 4. Calculate a(u).
24
Let r(m) be the first derivative of 41*m**4/4 + m**3 - 2*m - 3814. Determine r(1).
42
Let v(a) = -9*a**2 - 88*a + 50. Let y(j) = -7*j**2 - 70*j + 40. Let t(o) = -11*v(o) + 14*y(o). What is t(10)?
-10
Let m(o) = -o**2 + 4*o + 1. Suppose -8 = 4*q, v + 194*q - 5 = 193*q. Determine m(v).
-20
Let w(f) = -2*f**3 - 2*f**2 + 3*f + 4. Let l = -176 + 183. Suppose 23*i = l*i - 32. Give w(i).
6
Let m(l) be the third derivative of -l**5/60 + l**4/4 - 2*l**3 + 3*l**2 - 73*l. Give m(4).
-4
Let z(y) = -y - 4. Let d be ((-7)/((-14)/(-4)))/(3/(-9)). Suppose -d*j = -2*j + 8. Let m be j - (7 - (-3 - -6)). Calculate z(m).
2
Suppose -c - 7 = g, -c + 5 = -g + 2. Let s(x) = -3*x**2 + 8*x - 3. Let h(r) = -11*r**2 + 24*r - 8. Let a(t) = c*h(t) + 7*s(t). Determine a(-4).
-21
Let v(k) = k**2 - 3. Let n(q) = 103 + 4*q**2 - 4*q + q**2 - 11*q - 6*q**2. Let f be n(-20). What is v(f)?
6
Suppose -7*p - 43 = -15. Let y be -4 + 1 + 68 + p/(-1). Let u(j) = 11*j**3 - 3 - 11*j**2 - 10*j**3 + 70*j - y*j. Calculate u(11).
8
Let o(j) = -2. Let h(x) = -29*x + 123. Let n(m) = h(m) + 5*o(m). Determine n(5).
-32
Let s(m) = -46*m**3 - m**2. Let i = 2360 + -2361. What is s(i)?
45
Let v(y) be the second derivative of y**5/20 + 7*y**4/12 - 7*y**3/6 - 7*y + 369. Determine v(-8).
-8
Let s be (-1 - (3 + -2)) + 15. Let w(b) be the second derivative of -b**5/20 + 7*b**4/6 - 2*b**3 - 13*b**2/2 + 512*b. Give w(s).
0
Let m(y) = y**3 + 11*y**2 + 26*y - 23. Let u be m(-7). Let l(a) = -6*a - 75. Give l(u).
-21
Let j(a) = 385*a**3 - 380*a**3 + 4*a + 0*a**2 + 5*a**2 - 9*a. Calculate j(2).
50
Let b(z) = -z**3 + 25*z**2 + 89*z + 27. Let w be b(28). Let m(i) = -85*i + w*i + 7 - 83*i. What is m(-9)?
16
Let p(c) = -c**3 - 8*c**2 - 4*c + 6. Let n(s) = -s**3 - s**2 + 4*s - 6. Let r be n(6). Let l = r - -227. Give p(l).
-15
Let w(n) = -n**2 - 11*n + 2. Let z(p) = -5*p**2 - 43*p - 4. Let h(d) = 9*w(d) - 2*z(d). Determine h(12).
14
Let w(d) = -d**3 - 12*d**2 - 21*d - 3. Let j = -4164 - -4154. What is w(j)?
7
Let c(x) = x**3 + 2*x**2 - 4*x - 4. Let f(z) = 656*z + 1311. Let o be f(-2). Determine c(o).
1
Let t(j) = j - 6. Suppose -5*d + 37 = 3*z, -5*z + 7 + 33 = 4*d. Let c be 128/28 - ((-20)/14 - -1). Suppose z*q - 4*g = q, -c*g = -2*q. What is t(q)?
-6
Let a = 196 - 185. Let p = a - 8. Let v(q) = -q + 3. Determine v(p).
0
Let a(w) = w**3 - w**2 - 5*w - 2. Let d = 46 + -43. Suppose 0 = -4*q + d*f, 3*q + 6 = f + 1. Determine a(q).
-23
Let l = 614 - 612. Let r(g) = -g + 12*g**3 + 7*g**2 + 2*g**l + 3*g**2 - 11*g**3 + 11. Determine r(-12).
23
Suppose -574 = 8*x - 54. Let n be (0 - 2/(-10)) + (-52)/x. Let q(v) = 7*v. Let o(t) = 8*t. Let c(i) = -3*o(i) + 2*q(i). Determine c(n).
-10
Let j be (-2)/((-1)/1*2). Suppose -f + j + 1 = 0. Let t(v) be the second derivative of v**3/6 - 2*v - 458517. Calculate t(f).
2
Let w(y) = -y**2 + 9*y + 33. Suppose 2*m + 8*h + 32 = 6*m, -2*m - 3*h = -23. Give w(m).
23
Let d(y) = 2 - 5 + 6 + 18*y - 4. Suppose -3*f = -4*b + 10, 11*f + 5*b - 22 = 10*f. Calculate d(f).
35
Let x(s) = s**3 - 2*s**2 - 2*s - 4. Let p(q) = -13*q**3 + 37*q**2 + 28*q + 50. Let w(u) = -p(u) - 14*x(u). Let k(f) = -2*f - 1. Let b be k(4). What is w(b)?
6
Let m = 1 - -6. Suppose -23 = -5*v + m. Let x(z) be the first derivative of -z**3/3 + 5*z**2 - 8*z + 5866. What is x(v)?
16
Let o be -2*(-3)/12*6. Suppose 4*w + 92 = 4*k - 5*k, -3*w - 60 = o*k. Let c be (-3)/3 - 5*w/(-20). Let j(p) = p - 2. What is j(c)?
-9
Let g(f) = f**3 + 26*f**2 + 49*f + 31. Let j be g(-24). Let d(t) = -j*t - 3*t + 28*t - 9*t + t**2 - 5*t - 1. What is d(-4)?
-1
Let s = 382 + -379. Suppose -3*m = -5*r + 15, 2*r = -4*m - 43 - s. Let h(c) = -c**3 - 9*c**2 + 11*c + 4. Determine h(m).
-6
Let y(z) = -z**2 - 14*z - 45. Let c(u) = -6*u**2 - 85*u - 271. Let a(h) = 4*c(h) - 23*y(h). Give a(-4).
7
Let m(q) be the second derivative of -q**5/20 + 13*q**4/6 - 4*q**3/3 + 25*q**2 - 5145*q. Give m(26).
-158
Let w(y) = 9*y - 1. Let k(i) = -62*i - 16. Let x(v) = k(v) + 6*w(v). Calculate x(-5).
18
Let n = 1818 + -1820. Let m(b) = -b**3 - 3*b**2 + 3. Determine m(n).
-1
Let q be 3*24/108*(-6)/64*-2. Let u(b) be the third derivative of q*b**4 + 0 - 1/2*b**3 + 0*b - 6*b**2. What is u(4)?
9
Let p(b) = -151*b - 31. Let q(s) = -39*s - 1. Let i(a) = -p(a) + 4*q(a). Calculate i(-7).
62
Let c(s) be the second derivative of 1/10*s**5 - 125*s + 1/6*s**3 + 1/12*s**4 + 0 + 0*s**2. Determine c(-1).
-2
Suppose -6 - 12 = -3*o. Let p(v) = 1 - 7*v + 9*v + 2*v - 5*v. Give p(o).
-5
Let f be -3 + 21 + -8 + -8. Let k(x) = 7*x - 8. Determine k(f).
6
Let i(t) = -19*t**3 + 4*t**3 + 4*t**3 + 37*t**2 + 10*t**3. Calculate i(37).
0
Let b(n) = n**2 - 5*n + 8. Let l = 150 - 171. Let z be (-1 + 16/(-12) - -2)*l. Determine b(z).
22
Let n(q) = 3*q - 11. Suppose g + o + 142 = -73, 4*g - 3*o + 846 = 0. Let h = g + 221. Calculate n(h).
13
Let j(p) be the third derivative of -p**6/60 - p**5/30 + p**4/8 - 2*p**3/3 - p**2. Suppose 145*o = 78*o + 77*o + 30. Calculate j(o).
23
Let n(h) be the second derivative of -h**3/3 + h. Let x = -1149 + 1239. Let u be 1/(9/x*-2). Give n(u).
10
Let n(i) be the second derivative of 3*i**5/20 - 13*i**4/12 - 11*i**3/6 + 9*i**2/2 + 42*i - 33. Determine n(5).
4
Let w(g) = 22*g - 120. Let m be w(5). Let l(c) = -c**3 - 12*c**2 - 17*c + 26. Determine l(m).
-4
Let z(c) be the third derivative of 3*c**6/40 + 29*c**5/15 - c**4/2 + 2*c**3 + 7323*c**2. What is z(-13)?
-1
Let j(x) = -4*x + 5. Let o(w) = 3*w - 4. Let p(m) = 2*j(m) + 3*o(m). Suppose 60*r - 262 = -82. Determine p(r).
1
Let m(i) be the first derivative of -i**4/4 - 4*i**3/3 - 3*i**2/2 + 5*i + 567. Calculate m(-4).
17
Let b(u) = -2*u - 27. Let a(n) = -79*n - 234. Let y be a(-3). Suppose y*j + 28 = j - 2*z, -2*z = -4*j - 38. Give b(j).
-5
Let c(i) = i**2 - 9*i + 13. Let g = -1562 - -1569. What is c(g)?
-1
Suppose -17*p = -32*p + 45. Let v(c) = -11*c**3 + 22*c**2 + 12*c - 23. Let r(w) = -4*w**3 + 8*w**2 + 4*w - 8. Let j(g) = p*v(g) - 8*r(g). What is j(3)?
-2
Let j(n) be the third derivative of -11*n**4/24 - 55*n**3/3 + 10569*n**2. Give j(-10).
0
Let a(p) = 8*p - 9. Let k(n) = 17*n - 20. Let l(w) = 13*a(w) - 6*k(w). Let f(z) = 4*z + 1. Let t(v) = -f(v) + l(v). Calculate t(4).
-6
Suppose d = -n + 95 + 61, d = n - 164. Let w = 85 - n. Let v be -7 + 0 - w/25. Let h(l) = 5*l + 2. Give h(v).
-18
Let c = -1849 + 1852. Let h(z) be the third derivative of 1/20*z**5 + 0*z + 5/24*z**4 - 1/120*z**6 + 0 - 5/6*z**c + 18*z**2. Calculate h(4).
-1
Let m(b) = b + 11. Let k(j) = j**2 - 1. Let i(y) = 5*y**2 + 2*y - 8. Let w(d) = -i(d) + 4*k(d). Let u be w(-2). Let h be 6*((-18)/u + 3). What is m(h)?
2
Let u(z) be the second derivative of 2*z**3 + 67*z**2/2 + 621*z. Give u(-5).
7
Let m = -2104 + 2105. Let r = -1 + 6. Let i(t) = 4 - 6 - r*t**2 - 4 + 5. Give i(m).
-6
Let h(f) be the second derivative of -4*f**3/3 + 33*f**2 - 1269*f. What is h(7)?
10
Suppose 46 = 7*w - 290.